{"id":479,"date":"2025-11-18T18:47:35","date_gmt":"2025-11-18T18:47:35","guid":{"rendered":"https:\/\/www.centreapsyl.com\/?page_id=479"},"modified":"2026-01-15T08:16:56","modified_gmt":"2026-01-15T08:16:56","slug":"accueil","status":"publish","type":"page","link":"https:\/\/www.centreapsyl.com\/","title":{"rendered":"Accueil"},"content":{"rendered":"<div id=\"pl-gb479-69e0e0f177da6\"  class=\"panel-layout\" ><div id=\"pg-gb479-69e0e0f177da6-0\"  class=\"panel-grid panel-has-style\" ><div class=\"siteorigin-panels-stretch panel-row-style panel-row-style-for-gb479-69e0e0f177da6-0\" data-stretch-type=\"full\" ><div id=\"pgc-gb479-69e0e0f177da6-0-0\"  class=\"panel-grid-cell\" ><div id=\"panel-gb479-69e0e0f177da6-0-0-0\" class=\"so-panel widget widget_sow-headline panel-first-child\" data-index=\"0\" ><div\n\t\t\t\n\t\t\tclass=\"so-widget-sow-headline so-widget-sow-headline-default-5194be404f35-479\"\n\t\t\t\n\t\t><div class=\"sow-headline-container \">\n\t\t\t\t\t\t\t<h2 class=\"sow-headline\">\n\t\t\t\t\t\tLe centre Apsyl\t\t\t\t\t\t<\/h2>\n\t\t\t\t\t\t<\/div>\n<\/div><\/div><div id=\"panel-gb479-69e0e0f177da6-0-0-1\" class=\"so-panel widget widget_sow-editor panel-last-child\" data-index=\"1\" ><div\n\t\t\t\n\t\t\tclass=\"so-widget-sow-editor so-widget-sow-editor-base\"\n\t\t\t\n\t\t>\n<div class=\"siteorigin-widget-tinymce textwidget\">\n\t<p>Situ\u00e9 \u00e0 <a href=\"https:\/\/share.google\/7RVUEeSW4bmnf4zVf\">Louveign\u00e9<\/a> dans la <strong>commune de Sprimont<\/strong>, le Centre Apsyl est sp\u00e9cialis\u00e9 dans la prise en charge de la sant\u00e9 mentale.<\/p>\n<p>Soucieux de r\u00e9pondre \u00e0 la demande grandissante en termes de<strong> soins psychologiques<\/strong>, c\u2019est avec plaisir que nous vous accueillons au sein de <a href=\"https:\/\/www.centreapsyl.com\/index.php\/bureaux-a-louer\/\">nos locaux.<\/a><\/p>\n<p>Notre centre s\u2019adresse aux <strong>professionnels de la sant\u00e9 mentale<\/strong> (psychologues, neuropsychologues, psychoth\u00e9rapeutes, sexologues, psychiatres, m\u00e9decins, logop\u00e8des, orthop\u00e9dagogues\u2026).<\/p>\n<\/div>\n<\/div><\/div><\/div><div id=\"pgc-gb479-69e0e0f177da6-0-1\"  class=\"panel-grid-cell\" ><div id=\"panel-gb479-69e0e0f177da6-0-1-0\" class=\"so-panel widget widget_media_image panel-first-child panel-last-child\" data-index=\"2\" ><img loading=\"lazy\" decoding=\"async\" width=\"1536\" height=\"1024\" src=\"https:\/\/www.centreapsyl.com\/wp-content\/uploads\/2025\/11\/Illu04.png\" class=\"image wp-image-851  attachment-full size-full\" alt=\"\" style=\"max-width: 100%; height: auto;\" srcset=\"https:\/\/www.centreapsyl.com\/wp-content\/uploads\/2025\/11\/Illu04.png 1536w, https:\/\/www.centreapsyl.com\/wp-content\/uploads\/2025\/11\/Illu04-300x200.png 300w, https:\/\/www.centreapsyl.com\/wp-content\/uploads\/2025\/11\/Illu04-1024x683.png 1024w, https:\/\/www.centreapsyl.com\/wp-content\/uploads\/2025\/11\/Illu04-768x512.png 768w, https:\/\/www.centreapsyl.com\/wp-content\/uploads\/2025\/11\/Illu04-930x620.png 930w, https:\/\/www.centreapsyl.com\/wp-content\/uploads\/2025\/11\/Illu04-272x182.png 272w\" sizes=\"auto, (max-width: 1536px) 100vw, 1536px\" \/><\/div><\/div><\/div><\/div><\/div>\n\n\n<p><\/p>\n","protected":false},"excerpt":{"rendered":"<p>Situ\u00e9 \u00e0 Louveign\u00e9 dans la commune de Sprimont, le Centre Apsyl est sp\u00e9cialis\u00e9 dans la prise en charge de la sant\u00e9 mentale. Soucieux de r\u00e9pondre \u00e0 la demande grandissante en termes de soins psychologiques, c\u2019est avec plaisir que nous vous accueillons au sein de nos locaux. Notre centre s\u2019adresse aux professionnels de la sant\u00e9 mentale&hellip;&nbsp;<a href=\"https:\/\/www.centreapsyl.com\/\" rel=\"bookmark\"><span class=\"screen-reader-text\">Accueil<\/span><\/a><\/p>\n","protected":false},"author":1,"featured_media":928,"parent":0,"menu_order":0,"comment_status":"closed","ping_status":"closed","template":"","meta":{"neve_meta_sidebar":"","neve_meta_container":"","neve_meta_enable_content_width":"","neve_meta_content_width":0,"neve_meta_title_alignment":"","neve_meta_author_avatar":"","neve_post_elements_order":"","neve_meta_disable_header":"","neve_meta_disable_footer":"","neve_meta_disable_title":"","footnotes":""},"class_list":["post-479","page","type-page","status-publish","has-post-thumbnail","hentry"],"yoast_head":"<!-- This site is optimized with the Yoast SEO plugin v27.4 - https:\/\/yoast.com\/product\/yoast-seo-wordpress\/ -->\n<title>Accueil - Centre Apsyl<\/title>\n<meta name=\"description\" content=\"Situ\u00e9 \u00e0 Louveign\u00e9 dans la commune de Sprimont, le Centre Apsyl est sp\u00e9cialis\u00e9 dans la prise en charge de la sant\u00e9 mentale.\" \/>\n<meta name=\"robots\" content=\"index, follow, max-snippet:-1, max-image-preview:large, max-video-preview:-1\" \/>\n<link rel=\"canonical\" href=\"https:\/\/www.centreapsyl.com\/\" \/>\n<meta property=\"og:locale\" content=\"fr_FR\" \/>\n<meta property=\"og:type\" content=\"article\" \/>\n<meta property=\"og:title\" content=\"Accueil - Centre Apsyl\" \/>\n<meta property=\"og:description\" content=\"Situ\u00e9 \u00e0 Louveign\u00e9 dans la commune de Sprimont, le Centre Apsyl est sp\u00e9cialis\u00e9 dans la prise en charge de la sant\u00e9 mentale.\" \/>\n<meta property=\"og:url\" content=\"https:\/\/www.centreapsyl.com\/\" \/>\n<meta property=\"og:site_name\" content=\"Centre Apsyl\" \/>\n<meta property=\"article:modified_time\" content=\"2026-01-15T08:16:56+00:00\" \/>\n<meta property=\"og:image\" content=\"http:\/\/www.centreapsyl.com\/wp-content\/uploads\/2025\/11\/promoted-scaled.jpg\" \/>\n\t<meta property=\"og:image:width\" content=\"2560\" \/>\n\t<meta property=\"og:image:height\" content=\"1707\" \/>\n\t<meta property=\"og:image:type\" content=\"image\/jpeg\" \/>\n<meta name=\"twitter:card\" content=\"summary_large_image\" \/>\n<meta name=\"twitter:label1\" content=\"Dur\u00e9e de lecture est.\" \/>\n\t<meta name=\"twitter:data1\" content=\"1 minute\" \/>\n<script type=\"application\/ld+json\" class=\"yoast-schema-graph\">{\"@context\":\"https:\\\/\\\/schema.org\",\"@graph\":[{\"@type\":\"WebPage\",\"@id\":\"https:\\\/\\\/www.centreapsyl.com\\\/\",\"url\":\"https:\\\/\\\/www.centreapsyl.com\\\/\",\"name\":\"Accueil - Centre Apsyl\",\"isPartOf\":{\"@id\":\"https:\\\/\\\/www.centreapsyl.com\\\/#website\"},\"primaryImageOfPage\":{\"@id\":\"https:\\\/\\\/www.centreapsyl.com\\\/#primaryimage\"},\"image\":{\"@id\":\"https:\\\/\\\/www.centreapsyl.com\\\/#primaryimage\"},\"thumbnailUrl\":\"https:\\\/\\\/www.centreapsyl.com\\\/wp-content\\\/uploads\\\/2025\\\/11\\\/promoted-scaled.jpg\",\"datePublished\":\"2025-11-18T18:47:35+00:00\",\"dateModified\":\"2026-01-15T08:16:56+00:00\",\"description\":\"Situ\u00e9 \u00e0 Louveign\u00e9 dans la commune de Sprimont, le Centre Apsyl est sp\u00e9cialis\u00e9 dans la prise en charge de la sant\u00e9 mentale.\",\"breadcrumb\":{\"@id\":\"https:\\\/\\\/www.centreapsyl.com\\\/#breadcrumb\"},\"inLanguage\":\"fr-BE\",\"potentialAction\":[{\"@type\":\"ReadAction\",\"target\":[\"https:\\\/\\\/www.centreapsyl.com\\\/\"]}]},{\"@type\":\"ImageObject\",\"inLanguage\":\"fr-BE\",\"@id\":\"https:\\\/\\\/www.centreapsyl.com\\\/#primaryimage\",\"url\":\"https:\\\/\\\/www.centreapsyl.com\\\/wp-content\\\/uploads\\\/2025\\\/11\\\/promoted-scaled.jpg\",\"contentUrl\":\"https:\\\/\\\/www.centreapsyl.com\\\/wp-content\\\/uploads\\\/2025\\\/11\\\/promoted-scaled.jpg\",\"width\":2560,\"height\":1707},{\"@type\":\"BreadcrumbList\",\"@id\":\"https:\\\/\\\/www.centreapsyl.com\\\/#breadcrumb\",\"itemListElement\":[{\"@type\":\"ListItem\",\"position\":1,\"name\":\"Home\",\"item\":\"https:\\\/\\\/www.centreapsyl.com\\\/\"},{\"@type\":\"ListItem\",\"position\":2,\"name\":\"Accueil\"}]},{\"@type\":\"WebSite\",\"@id\":\"https:\\\/\\\/www.centreapsyl.com\\\/#website\",\"url\":\"https:\\\/\\\/www.centreapsyl.com\\\/\",\"name\":\"Centre Apsyl\",\"description\":\"Centre Accompagnement Psychologique de Louveign\u00e9\",\"potentialAction\":[{\"@type\":\"SearchAction\",\"target\":{\"@type\":\"EntryPoint\",\"urlTemplate\":\"https:\\\/\\\/www.centreapsyl.com\\\/?s={search_term_string}\"},\"query-input\":{\"@type\":\"PropertyValueSpecification\",\"valueRequired\":true,\"valueName\":\"search_term_string\"}}],\"inLanguage\":\"fr-BE\"}]}<\/script>\n<!-- \/ Yoast SEO plugin. -->","yoast_head_json":{"title":"Accueil - Centre Apsyl","description":"Situ\u00e9 \u00e0 Louveign\u00e9 dans la commune de Sprimont, le Centre Apsyl est sp\u00e9cialis\u00e9 dans la prise en charge de la sant\u00e9 mentale.","robots":{"index":"index","follow":"follow","max-snippet":"max-snippet:-1","max-image-preview":"max-image-preview:large","max-video-preview":"max-video-preview:-1"},"canonical":"https:\/\/www.centreapsyl.com\/","og_locale":"fr_FR","og_type":"article","og_title":"Accueil - Centre Apsyl","og_description":"Situ\u00e9 \u00e0 Louveign\u00e9 dans la commune de Sprimont, le Centre Apsyl est sp\u00e9cialis\u00e9 dans la prise en charge de la sant\u00e9 mentale.","og_url":"https:\/\/www.centreapsyl.com\/","og_site_name":"Centre Apsyl","article_modified_time":"2026-01-15T08:16:56+00:00","og_image":[{"width":2560,"height":1707,"url":"http:\/\/www.centreapsyl.com\/wp-content\/uploads\/2025\/11\/promoted-scaled.jpg","type":"image\/jpeg"}],"twitter_card":"summary_large_image","twitter_misc":{"Dur\u00e9e de lecture est.":"1 minute"},"schema":{"@context":"https:\/\/schema.org","@graph":[{"@type":"WebPage","@id":"https:\/\/www.centreapsyl.com\/","url":"https:\/\/www.centreapsyl.com\/","name":"Accueil - Centre Apsyl","isPartOf":{"@id":"https:\/\/www.centreapsyl.com\/#website"},"primaryImageOfPage":{"@id":"https:\/\/www.centreapsyl.com\/#primaryimage"},"image":{"@id":"https:\/\/www.centreapsyl.com\/#primaryimage"},"thumbnailUrl":"https:\/\/www.centreapsyl.com\/wp-content\/uploads\/2025\/11\/promoted-scaled.jpg","datePublished":"2025-11-18T18:47:35+00:00","dateModified":"2026-01-15T08:16:56+00:00","description":"Situ\u00e9 \u00e0 Louveign\u00e9 dans la commune de Sprimont, le Centre Apsyl est sp\u00e9cialis\u00e9 dans la prise en charge de la sant\u00e9 mentale.","breadcrumb":{"@id":"https:\/\/www.centreapsyl.com\/#breadcrumb"},"inLanguage":"fr-BE","potentialAction":[{"@type":"ReadAction","target":["https:\/\/www.centreapsyl.com\/"]}]},{"@type":"ImageObject","inLanguage":"fr-BE","@id":"https:\/\/www.centreapsyl.com\/#primaryimage","url":"https:\/\/www.centreapsyl.com\/wp-content\/uploads\/2025\/11\/promoted-scaled.jpg","contentUrl":"https:\/\/www.centreapsyl.com\/wp-content\/uploads\/2025\/11\/promoted-scaled.jpg","width":2560,"height":1707},{"@type":"BreadcrumbList","@id":"https:\/\/www.centreapsyl.com\/#breadcrumb","itemListElement":[{"@type":"ListItem","position":1,"name":"Home","item":"https:\/\/www.centreapsyl.com\/"},{"@type":"ListItem","position":2,"name":"Accueil"}]},{"@type":"WebSite","@id":"https:\/\/www.centreapsyl.com\/#website","url":"https:\/\/www.centreapsyl.com\/","name":"Centre Apsyl","description":"Centre Accompagnement Psychologique de Louveign\u00e9","potentialAction":[{"@type":"SearchAction","target":{"@type":"EntryPoint","urlTemplate":"https:\/\/www.centreapsyl.com\/?s={search_term_string}"},"query-input":{"@type":"PropertyValueSpecification","valueRequired":true,"valueName":"search_term_string"}}],"inLanguage":"fr-BE"}]}},"_links":{"self":[{"href":"https:\/\/www.centreapsyl.com\/index.php\/wp-json\/wp\/v2\/pages\/479","targetHints":{"allow":["GET"]}}],"collection":[{"href":"https:\/\/www.centreapsyl.com\/index.php\/wp-json\/wp\/v2\/pages"}],"about":[{"href":"https:\/\/www.centreapsyl.com\/index.php\/wp-json\/wp\/v2\/types\/page"}],"author":[{"embeddable":true,"href":"https:\/\/www.centreapsyl.com\/index.php\/wp-json\/wp\/v2\/users\/1"}],"replies":[{"embeddable":true,"href":"https:\/\/www.centreapsyl.com\/index.php\/wp-json\/wp\/v2\/comments?post=479"}],"version-history":[{"count":55,"href":"https:\/\/www.centreapsyl.com\/index.php\/wp-json\/wp\/v2\/pages\/479\/revisions"}],"predecessor-version":[{"id":985,"href":"https:\/\/www.centreapsyl.com\/index.php\/wp-json\/wp\/v2\/pages\/479\/revisions\/985"}],"wp:featuredmedia":[{"embeddable":true,"href":"https:\/\/www.centreapsyl.com\/index.php\/wp-json\/wp\/v2\/media\/928"}],"wp:attachment":[{"href":"https:\/\/www.centreapsyl.com\/index.php\/wp-json\/wp\/v2\/media?parent=479"}],"curies":[{"name":"wp","href":"https:\/\/api.w.org\/{rel}","templated":true}]}}